 Let z be v(-2). Let c(a) = 5 + z - 4 - 7*a**3 - 5 - 2*a - a**2. Is 5 a factor of c(-1)?
False
Suppose 2*s - 280 = -i, -3*s + 467 - 61 = -2*i. Is 31 a factor of s?
False
Let o = -25 - -15. Let r be (o/15)/((-2)/12). Let g(p) = 4*p**2 - 3*p - 2. Is g(r) a multiple of 17?
False
Let g = -133 - -213. Is g a multiple of 20?
True
Let k(v) = -13*v**3 - v - 1. Does 7 divide k(-2)?
True
Suppose -5*j + 745 = 3*q, 5*j - q - 704 = 61. Suppose 5*s + h - 2*h = j, 0 = -2*s + 4*h + 68. Is s a multiple of 15?
True
Let h(w) = -2*w**2 + 19*w - 20. Is h(8) a multiple of 3?
False
Suppose -3*q + 3*y = 6*y - 663, -q + 221 = -5*y. Does 22 divide q?
False
Let r(b) = 16*b**2 + 7*b - 5. Does 15 divide r(2)?
False
Let f(w) = -2*w**3 - w**2 + 3*w + 3. Let v be f(-2). Suppose 2*u = -4*n + 18, -v = 2*u + 1. Is n a multiple of 3?
False
Let s be (-12)/(-3) + 2*-1. Suppose 0 = s*n - 4*n - 4*k + 134, -2*k = 4. Is n a multiple of 11?
False
Let w(q) = -12*q**2 + 2*q - 6. Let d(l) = -l**2 + l - 1. Let f(c) = 10*d(c) - w(c). Does 14 divide f(-6)?
False
Let n = -108 + 148. Is n a multiple of 4?
True
Let k = 183 + -159. Is k a multiple of 6?
True
Let i(b) = -7*b - 11. Let z(u) = -u. Let q(c) = -i(c) + 5*z(c). Let t be q(-8). Let j(a) = -6*a - 4. Is j(t) a multiple of 13?
True
Let j = -32 + 137. Let l = j - 59. Does 17 divide l?
False
Suppose 3*r - 140 = -2*r. Is 28 a factor of r?
True
Let i(l) = -4*l**3 - 6*l**2 + 3*l + 2. Is 47 a factor of i(-3)?
True
Is 33 - (-5)/2*(-18)/15 a multiple of 30?
True
Let l(d) = 3*d + 7. Let j(w) = -w**2 + 10*w - 4. Let v be j(4). Suppose -v = 3*c - 7*c. Does 14 divide l(c)?
False
Suppose 4*a - 21 = z, -a - a = 4*z + 12. Suppose a*t = 8*t - 256. Is 22 a factor of t?
False
Is 13 a factor of ((-5)/4)/(6/(-120))?
False
Let z(q) = -2*q + 17 - 8 + 3*q. Let u be z(-6). Suppose -6*j + 2*j = -b + 49, -u*b + 115 = 4*j. Does 14 divide b?
False
Let s(o) = o**3 + 3*o**2 - 4*o - 6. Let w be s(-4). Is 9 a factor of 4/w + 32/3?
False
Suppose 3*p = 4*p - 34. Is p a multiple of 17?
True
Let t = -6 - -8. Let k be (-1)/t + 55/10. Suppose -3*v + 50 = k*d, -2*d + v + 20 = 3*v. Does 10 divide d?
True
Let k(a) = a**3 + 2*a**2 + a. Let w be k(-2). Does 3 divide (3/6)/(w/(-28))?
False
Is 30/(-105) + (-506)/(-7) a multiple of 18?
True
Let q = 647 - 377. Suppose 2*x + x = q. Is 24 a factor of x?
False
Let d(y) = -3*y - 7. Let i be d(8). Let a = 70 + i. Does 22 divide a?
False
Let i = -8 - -68. Is i a multiple of 15?
True
Let x(h) = -h**3 - 15*h**2 - 21*h + 4. Is 34 a factor of x(-14)?
True
Is 25 a factor of 14/(4 - 297/75)?
True
Let l = -43 + 29. Let p be (-32)/l + (-2)/7. Suppose -b = 5, 2*u + 3*u + p*b = 45. Does 6 divide u?
False
Is 11 - 1*(-4 + 3) a multiple of 6?
True
Let a be 1*(3 - (8 - -1)). Is 173/4 - a/(-24) a multiple of 10?
False
Let q = 8 - 88. Let h = 138 + q. Is 20 a factor of (-3)/(-3 - (-168)/h)?
False
Let c(m) = m**3 + m + 7. Let s(k) = -k**3 - 2*k**2 - k. Suppose 5*l + 2 = 3*l. Let j be s(l). Is c(j) even?
False
Let u = 88 + -16. Is u a multiple of 7?
False
Let f(p) = -30*p - 7. Let s = -14 + 11. Does 22 divide f(s)?
False
Suppose 3*s = -2*s + 30. Suppose t = s*t. Suppose 4*a = 3*j + 198, -a + t*j = 4*j - 40. Does 24 divide a?
True
Let b(q) = -q**2 - 12*q + 31. Does 18 divide b(-13)?
True
Let d be -4 - -5 - (0 - -2). Does 8 divide 3/((-2)/(-9 - d))?
False
Let j be ((-18)/15)/((-9)/600). Suppose -3*n = -3*s + 5*s - j, -5*n = 4*s - 156. Does 12 divide s?
False
Suppose -o + 99 = -3*c - 0*c, -5*c - 200 = -2*o. Is o a multiple of 40?
False
Let k(c) = c**2 - 2*c - 2. Let b be k(0). Is 9 a factor of (60/9)/(b/(-6))?
False
Let m be (-6 + 207)*4/(-6). Is 5 a factor of (-12)/78 + m/(-26)?
True
Let t(k) = 16*k**3 - k**2 - 4*k + 7. Does 13 divide t(2)?
False
Let k(i) = i - 10. Let h(o) = 4*o - 40. Let r(j) = 2*h(j) - 9*k(j). Is 3 a factor of r(0)?
False
Let h(l) = l. Let c = 11 - 9. Let i be h(c). Suppose -4*d + 28 = -i*d. Does 4 divide d?
False
Suppose 5*s - l - 1040 = 0, 0*s = -s - l + 202. Does 48 divide s?
False
Let k = 14 + -9. Is k a multiple of 2?
False
Suppose 0 = -s + 1. Let b = 3 - s. Suppose -l - 3*h = -0 - 11, 2*h = -b. Does 6 divide l?
False
Suppose -j - j = -78. Let y be (2 - 1) + 0 + j. Is 3 a factor of y/6 - (-16)/(-24)?
True
Let c = -7 + 8. Let v be -14 - ((c - -2) + -3). Let f = 35 + v. Is 7 a factor of f?
True
Suppose 2*t - t - 3 = 0. Let k(n) = 2 - 4 + t*n**2 - 1 + 1. Is k(2) a multiple of 5?
True
Let p(o) = o**3 + 4*o + 1. Does 8 divide p(3)?
True
Let h(m) = -17*m - 12. Does 11 divide h(-3)?
False
Suppose -5*v + 0*n = -5*n - 255, 0 = 3*v + 4*n - 188. Is 8 a factor of v?
True
Let b(r) = 3*r + 1. Let h(i) = 2*i - 9. Let d be h(7). Does 4 divide b(d)?
True
Suppose -3 = o - 7, 0 = 4*w + 3*o - 80. Is w a multiple of 6?
False
Suppose i - 16 = -3*i. Let t(d) = -7*d**2 - i - 2*d + 0*d - 3 + 0*d**3 - d**3. Does 6 divide t(-7)?
False
Suppose 2*c - 222 = 5*y, 0 = -4*y - 9 - 7. Is 26 a factor of c?
False
Let p = 28 + 30. Does 29 divide p?
True
Suppose 112 + 84 = -4*j. Suppose -5*m = 6*m - 902. Let r = m + j. Is 11 a factor of r?
True
Let u be (-26 + 1)*4/(-10). Does 24 divide (-4)/u - 244/(-10)?
True
Let m(i) = 23*i - 1. Let s be m(3). Let b = s - 42. Suppose 3*o - 58 + 16 = -5*l, -l = 5*o - b. Is l a multiple of 6?
True
Suppose -3*x = -6*x - c + 56, 0 = 4*x - 3*c - 92. Let w = -6 + x. Is w a multiple of 4?
False
Suppose -4*z + 3 = -7*z. Let l be 7/((0 - -2) + z). Suppose -4*s = -87 + l. Is 20 a factor of s?
True
Let j(i) = 9*i**3 + 2*i**2 - i. Is j(1) a multiple of 5?
True
Let l = -6 - -9. Suppose -f = -l*f. Is ((-57)/(-2) + f)*2 a multiple of 23?
False
Let b = 10 + -5. Suppose 0 = -b*j, 0 = 5*f - f - 5*j - 52. Is 12 a factor of (f + -1)*5/5?
True
Suppose 3*h - 88 = -2*z, 0*h = -h + 5*z + 18. Is h even?
True
Suppose -5*h + 13 = -x, x + 0 = -h - 1. Suppose -7*y = -h*y - 100. Is y a multiple of 10?
True
Let i(r) = 10*r**2 - 2. Suppose 0*n + 10 = -5*n. Does 19 divide i(n)?
True
Suppose -7*y + 3*y = 0. Let h be -1*y*(-3)/(-6). Suppose h = -3*m - m + 12. Is 2 a factor of m?
False
Suppose -5*l + 45 = 2*v, -4*l + 26 = v - 4. Is 3 a factor of v?
False
Let p be (-5)/(-1)*(-1 - -2). Suppose 0 = -p*w + 2 + 8. Suppose 5*c + 5*l - 40 = 0, c = w*c - l - 6. Is 3 a factor of c?
False
Let n = 224 + -140. Is 12 a factor of n?
True
Let n = -14 - -13. Does 23 divide 0 + (2/n - -48)?
True
Suppose 0 = 2*j + j + 21. Let c = j - -11. Is ((-22)/c)/(4/(-8)) a multiple of 6?
False
Let v(r) = -r**2 - 6*r + 2. Suppose 3*t + 12 = -6. Let f be v(t). Suppose 0*h + f = h. Does 2 divide h?
True
Let j = 91 - 43. Is 14 a factor of j?
False
Let i = -3 + 9. Let r be (-2 + -1)/(i/(-20)). Is 10 a factor of (12/r)/((-6)/(-100))?
True
Is (3*12/(-45))/(5/(-425)) a multiple of 9?
False
Let q(z) = 2*z**2 + 11*z - 37. Let n(p) = -p**2 - 6*p + 18. Let x(m) = 13*n(m) + 6*q(m). Is x(-9) a multiple of 13?
True
Suppose 12*k + 840 = 17*k. Does 56 divide k?
True
Let k(h) = -2*h**3 - 3*h**2 - 2*h + 1. Let u be -1 - (1 + 1 + -1). Is 8 a factor of k(u)?
False
Let i(t) = 4*t**2 + 4*t + 25. Let j(r) = r**2 + r + 8. Let d(u) = 2*i(u) - 7*j(u). Is d(3) even?
True
Suppose s = 2 - 3, -s + 7 = 2*x. Let a = 2 + 1. Suppose -3*t = x*d - 43, 0*t + a*t - 17 = -2*d. Is 6 a factor of d?
False
Suppose 4*z = -3*j + 2*z - 46, z = 1. Let x = j + 50. Is 15 a factor of x?
False
Let q(t) be the second derivative of 0 - 7/20*t**5 + 1/6*t**3 + 1/12*t**4 + t + 1/2*t**2. Is q(-1) a multiple of 8?
True
Is (-4)/(-10) + (-129)/(-15) a multiple of 9?
True
Let w(n) = n**3 - n**2 - n + 24. Let i be w(0). Suppose 49 = b - i. Suppose b = 4*u - 39. Is 14 a factor of u?
True
Suppose -3*b - 4*y = -80, -2*b + 5*y = -5*b + 82. Suppose -6*u = -5*u - b. Is 12 a factor of u?
True
Let f be 2*(3/(-1) + 4). Suppose -f*o = o - 210. Is 20 a factor of o?
False
Suppose -6*q + 141 = -3*q. Does 23 divide q?
False
Let s(p) = -64*p - 5. Is s(-2) a multiple of 15?
False
Let a(u) = u**2 - 6*u - 9. Is a(9) a multiple of 8?
False
Suppose 0*v = -2*v - 6, 6 = 4*x + 2*v. Suppose x*y - 5 = 19. Does 6 divide y?
False
Does 7 divide (784/12)/4*(-2 - -5)?
True
Let z(o) = 42*o + 8. Does 15 divide z(2)?
False
Let i(j) be the first derivative of 2*j**3/3 + 3*j**2/2 - 4*j - 1. Let m be i(-3). Suppose 5*u = -m*b + 45, 0 = u - 3*b - 10 - 3. Is 5 a factor of u?
True
Suppose 3*z = 5*